
Let j(h) be the second derivative of -h**4/12 + h**3/6 + h**2/2 - 23*h. What is j(2)?
-1
Let j(u) = 3 - 4*u**2 + 3 + 11*u**3 + 6*u - 12*u**3. Let q = 19 - 4. Let z = 10 - q. What is j(z)?
1
Let v = 5 - -6. Let n = 8 - v. Let l(u) = -2*u**2. Let i(h) = 9*h**2 - 4. Let j(p) = -i(p) - 4*l(p). What is j(n)?
-5
Let j(n) = n**3 + 6*n**2 + 2. Let g = 76 - 112. Let f be (-52)/9 + 8/g. Give j(f).
2
Let l(j) = j**2 + 6*j - 8. Let w be l(-7). Let h(a) be the second derivative of -9*a**5/20 - a**3/6 - a**2/2 - 8*a. Calculate h(w).
9
Let x be (-70)/(-56) - 2/8. Let i(m) = -16*m + 10. Let s(z) = 5*z - 3. Let a(f) = -6*i(f) - 20*s(f). Calculate a(x).
-4
Suppose 6*b - 18 = b + 3*x, -2*x - 4 = -2*b. Let r(k) = k + 5. Determine r(b).
11
Let u(k) = -k - 2. Suppose 20 + 0 = -4*s. Determine u(s).
3
Let d(b) = b + 6. Let p = -27 - -16. Let w be d(p). Let q(c) = -c**2 - 8*c - 5. Determine q(w).
10
Let y(m) be the second derivative of m**6/720 + m**5/12 - m**4/12 + 4*m. Let v(w) be the third derivative of y(w). What is v(-7)?
3
Let w = -18 - -29. Let l = w - 7. Suppose -5*j = -2*b + 26, -l*j - 24 = -j - 4*b. Let o(c) = c. Determine o(j).
-4
Let s(j) = -j**3 - j**2 - j - 1. Let z = -1 + -1. Let u be s(z). Let o(x) = -3*x - 3*x + u*x. Give o(4).
-4
Let q(l) be the second derivative of -l**5/20 - 7*l**4/12 - l**3/6 + 3*l**2/2 - 14*l. Determine q(-7).
10
Suppose -c = -1, -3*c + 10 - 1 = 3*k. Suppose -5*w = -g - 14, g - 4 = -w - 0*w. Let j(s) = k - w*s - 8 - 1. What is j(-5)?
8
Let u(o) be the second derivative of -o**4/12 + 7*o**3/6 - 3*o**2 - 4*o. Let a be u(7). Let j(l) = -l - 7. Give j(a).
-1
Let v(m) be the second derivative of -m**4/12 - m**3/6 - 3*m**2 - 4*m. What is v(0)?
-6
Let w be (-12)/(-9)*3*-1. Let h(z) be the first derivative of z + 1. Let a(j) = -2*j - 3. Let n(q) = w*h(q) - a(q). What is n(5)?
9
Suppose -y - a - 8 = 4*y, -2*y = a + 5. Let u(g) = -2*g**3 - 2*g**2 + 1. Give u(y).
1
Let y = 6 + -5. Let s = 4 + -1. Let q(j) = 3*j**2 + 0*j**2 + 4*j**s - j**2 - 1. Give q(y).
5
Let m(f) = -f**2 + 2*f + 3. Let w = 21 - 13. Let r = w + -10. What is m(r)?
-5
Let u = 6 - -16. Let j be u/6 - 2/3. Suppose -5*t - 3*d = -d + 19, 3*d = 3*t + j. Let z(f) = -f**2 - 5*f - 2. Calculate z(t).
4
Let a(p) = -p**3 - 8*p**2 + p - 2. Let g(w) = -w**3 - 9*w**2 + w - 2. Let k(t) = -6*a(t) + 5*g(t). Determine k(-3).
5
Let n(g) = 7*g + 1. Let z = 1 + -2. Calculate n(z).
-6
Let p = 0 - -2. Let k(s) = 3*s - 2*s - 6*s + 4*s + p. Calculate k(-6).
8
Let o(i) = 11*i**3 + i**2 + i. Suppose 8 = -6*d - 2*d. What is o(d)?
-11
Let r(v) be the third derivative of -v**6/120 - v**5/20 + v**4/6 - 2*v**3/3 - 14*v**2. Calculate r(-4).
-4
Let p = 5 - 4. Let w(y) = -4 + 4*y + 6*y - p - 9*y. Suppose -5 = 2*j - 2*g + 3, -j + 3*g = 4. Determine w(j).
-9
Let v(n) = n**2 - 2*n - 14. Let u(f) = f**2 - 3*f - 13. Let d(i) = 5*u(i) - 4*v(i). Calculate d(8).
-1
Let a(j) be the second derivative of j**4/12 - j**3/2 - j**2 - 18*j. Determine a(4).
2
Let n(i) = -3 + 3*i + 7*i + 0*i - 5*i. Calculate n(5).
22
Let z be 244/36 + (-6)/(-27). Suppose -4 = -2*i - 5*t, 4*i - 3*t = -z*t - 4. Let q(f) = 2*f - 1. What is q(i)?
-7
Let j = -12 - -4. Let y = -11 - j. Let l(a) be the second derivative of -a**4/12 + 3*a**2/2 + a. Calculate l(y).
-6
Let i(k) = k**3 + k**2 + 1. Suppose -4*w = w. Suppose 3*b + 0*b = w. Determine i(b).
1
Let a(v) be the second derivative of -v**5/20 - v**3/6 + v**2/2 + 33*v. Determine a(-2).
11
Let a(k) be the second derivative of k**5/20 + k**4/3 - k**3/2 + 2*k**2 + 2*k. Let i be (1/(-3))/(1/3). Let u = i + -4. Calculate a(u).
-6
Let p(z) = 5*z + 1 - 2*z - 4*z. Determine p(0).
1
Let t be -4 + -3 + 2 - -3. Let p(q) = -q - 4*q + 2*q + 0*q - 2. What is p(t)?
4
Let u(f) = -f**3 + f - 1. Let k(q) = 4*q**3 + 5*q**2 - 10*q + 8. Let v(o) = k(o) + 5*u(o). Calculate v(3).
6
Let l = 1 - 4. Let s(f) = 4*f + 3. Give s(l).
-9
Let c(t) be the second derivative of t**8/6720 + t**7/504 - t**6/144 + t**5/120 - t**4/6 + 3*t. Let v(p) be the third derivative of c(p). Calculate v(-6).
-5
Let u be (-2)/1*1 - -2. Let n(i) = 0*i + i + 2 + u*i + 6. Let t be n(-7). Let g(m) = -2*m**2 + m. Calculate g(t).
-1
Let l = 144 + -155. Let t(c) = -c - 11. Give t(l).
0
Let j(l) = l**2 + 5*l + 3. Let b(n) = n**2 + 3*n - 2. Let f be b(-3). Let i = 1 - 3. Let y = f + i. What is j(y)?
-1
Suppose 0*k = -5*k - 3*d - 30, 34 = -3*k - 5*d. Let f = k - -3. Let y(n) = -n + 12. Calculate y(f).
12
Let n(a) be the second derivative of a**3/6 + 3*a**2 + 6*a. What is n(-5)?
1
Let p(o) = -6*o + 4*o + o - 8. Give p(0).
-8
Suppose -2*c - w - 3 = -0*w, 0 = -3*c - 4*w - 12. Suppose z + 1 = 2*f - c*f, 5*z + 17 = 4*f. Let i = z - 0. Let j(d) = d**2 + 4*d - 3. Calculate j(i).
2
Suppose -3*k = -2*k. Let r(q) = q**2 + q + 1. Give r(k).
1
Let s(o) = -o + 5 + 2*o - 8*o - 3*o**2 + 2*o**2. Give s(-8).
-3
Let b(x) = 7*x**3 + 3 - 2*x - 2 - 2 + 0*x. What is b(-1)?
-6
Let g(l) = -l**2 - 3*l - 1. Let w(q) = q**2 + q + 1. Let r(m) = -g(m) - 2*w(m). What is r(3)?
-7
Let a(z) = z**2 + 6*z + 2. Let c = -26 + 19. Determine a(c).
9
Let g(a) = a**2 + 12*a - 9. Let u be g(-13). Let n(q) = q**2 - 3*q + 3. Give n(u).
7
Let u(b) = 11*b**3 - 18*b**2 - 8*b - 12. Let z(m) = -4*m**3 + 6*m**2 + 3*m + 4. Let s be (-2)/6 - (-50)/6. Let f(d) = s*z(d) + 3*u(d). Determine f(6).
-4
Let p = 4 - 13. Let z be (3 - 1) + (p - -3). Let m(c) = c**2 + 5*c - 3. What is m(z)?
-7
Let n(u) = -u. Let o be (-2)/(-2 - 2 - -3). Suppose 4*d + 26 = -3*i + 2, o*d - 6 = 3*i. Let r = -6 - d. Determine n(r).
3
Let n(z) = -z**2 + 3*z + 3. Suppose 0 = 5*p + 3 + 7. Give n(p).
-7
Let b(j) = 5*j - 11. Let d(w) = w - 3. Let k(m) = -2*b(m) + 9*d(m). Give k(0).
-5
Suppose t - 2*t - 10 = -3*g, 0 = g - 5. Let l = -3 + t. Let m(y) = -y - y**l + 4*y + 4 + 0*y. Give m(5).
-6
Let x(f) = f**3 + 6*f**2 + 6*f + 3. Let b(d) = -d**3 - 7*d**2 - 6*d - 5. Let y be b(-6). Calculate x(y).
-2
Let o(v) be the third derivative of 0 + 1/120*v**6 + 1/2*v**3 + 1/15*v**5 + 4*v**2 + 1/6*v**4 + 0*v. Calculate o(-3).
0
Let j(v) = 5 - v + 2*v + 0*v. Let u be (-4)/(-6) - 16/(-3). Let f be 8*3/u*-1. Calculate j(f).
1
Suppose -2*b = -14 - 12. Let y = -8 + b. Let k(h) = -h**2 + 6*h - 6. What is k(y)?
-1
Let r = 14 + -10. Let a(s) = s**3 - 6*s**2 + 7*s - 4. Calculate a(r).
-8
Let v(o) = o - 5. Let k be v(6). Let l(m) = m**2 + 2*m - 3. Let c be l(-3). Let w(u) = u + c + u**2 + 2 + k. Calculate w(-3).
9
Let q(w) = 3*w**3 + w. Suppose -5*s + 4 + 6 = 2*n, -3*s = -6. Let u = n + 1. Give q(u).
4
Suppose 6 = 4*u - 2*u. Suppose 9 = 4*a + 1. Let r(c) = -c - u*c - 5 + a*c. What is r(-4)?
3
Let v(n) = 6*n + 37. Let w be v(-5). Let g(r) = -r**2 + 6*r + 3. Calculate g(w).
-4
Let z(m) be the first derivative of -m**3/3 + 3*m**2/2 + 4*m - 4. Calculate z(3).
4
Suppose 5*g + 0*o - 17 = -3*o, -5*o + 16 = -4*g. Let z(w) be the second derivative of 8*w**3/3 - w**2/2 - 25*w. What is z(g)?
15
Suppose -4*b + 5*x - 9 = 0, -b + 3*x = -0*b + 11. Let r(z) = -3 + 0*z**2 - z**2 - 1 + b*z. Let k be r(3). Let m(u) = -u**2 + 2*u + 1. Determine m(k).
-2
Let v(a) = a**2 - 7*a - 6. Let g(z) = -z. Let m(c) = 6*g(c) - v(c). Let b be (38/88 + 26/(-143))*20. Determine m(b).
-14
Let c(t) be the third derivative of 0*t + 1/3*t**3 + 1/8*t**4 + 0 - 1/60*t**5 + 2*t**2. Give c(3).
2
Let j be 2/(-6) - (-10)/3. Suppose 2 = -j*w + 5. Let s(q) = -3 - 21*q - 29*q + 42*q + 2. Calculate s(w).
-9
Let l(w) = w**3 + w**2 + 4*w + 4. Let g(b) = -b**3 - 3*b - 4. Let s(t) = -6*g(t) - 5*l(t). Calculate s(5).
-6
Let f(g) = -3*g + 4. Let x = -59 - -63. What is f(x)?
-8
Let b(i) = -4*i**2 + 3*i + 24. Let s(c) = 5*c**2 + 3*c - 2. Let h(m) = 6*m**2 + 4*m - 1. Let t(y) = 4*h(y) - 5*s(y). Let l(n) = 2*b(n) - 9*t(n). Give l(5).
4
Let n = -20 - -34. Let m = 10 - n. Let d(u) be the first derivative of -u**2/2 - 1. Determine d(m).
4
Let q(n) be the first derivative of n**5/30 - n**4/24 - n**2 + 2. Let z(b) be the second derivative of q(b). Calculate z(-1).
3
Let g(f) be the first derivative of 5*f**2/2 + f + 1. Calculate g(1).
6
Let x(w) be the third derivative of -w**5/60 + 5*w**4/24 + 5*w**3/3 - 12*w**2. Determine x(7).
-4
Let s(l) = l**3 + 6*l**2 - 2*l - 9. Let t be s(-6). Let f(y) = -3*y**2 - 9*y + 5. Let r(x) = -x**2 - 4*x + 2. Let h(n) = 2*f(n) - 5*r(n). Calculate h(t).
-3
Let s(i) be the third derivative of -i*